mposite number?
False
Is 655 a prime number?
False
Is 291077 a composite number?
False
Is 1236659 composite?
False
Is 51109 prime?
True
Is 51257 a composite number?
False
Is 67381 a prime number?
False
Is 63569 a composite number?
True
Is 11087 composite?
False
Is 4600835 composite?
True
Is 69206 composite?
True
Is 1116277 a composite number?
False
Is 3453 a prime number?
False
Is 232043 prime?
False
Is 69971 a composite number?
True
Is 9029 a prime number?
True
Is 217979 a prime number?
True
Is 281042 prime?
False
Is 208861 a composite number?
True
Is 84121 a composite number?
False
Is 40151 a composite number?
False
Is 20635 composite?
True
Is 156329 a composite number?
False
Is 59771 a composite number?
False
Is 4871 prime?
True
Is 257837 a composite number?
False
Is 790547 a composite number?
False
Is 1680506 prime?
False
Is 22693 composite?
True
Is 19174 a composite number?
True
Is 465523 a composite number?
False
Is 8263 a prime number?
True
Is 44126 a composite number?
True
Is 591779 a composite number?
False
Is 349631 prime?
False
Is 18973 a composite number?
False
Is 99523 prime?
True
Is 1566979 prime?
False
Is 11677 composite?
False
Is 8467 composite?
False
Is 40123 a composite number?
False
Is 32605 prime?
False
Is 208417 a prime number?
False
Is 78289 a prime number?
False
Is 487 prime?
True
Is 27717 a composite number?
True
Is 55987 a composite number?
False
Is 22121 a composite number?
True
Is 33377 composite?
False
Is 787921 prime?
False
Is 737411 a composite number?
False
Is 2705 composite?
True
Is 105337 composite?
False
Is 101227 composite?
True
Is 58361 prime?
False
Is 36677 prime?
True
Is 36983 composite?
True
Is 3571 composite?
False
Is 2397349 composite?
True
Is 233879 composite?
False
Is 876181 composite?
False
Is 20563 composite?
False
Is 371419 a prime number?
False
Is 11027 a prime number?
True
Is 424079 prime?
True
Is 681 a composite number?
True
Is 198673 composite?
False
Is 589409 prime?
True
Is 2939 prime?
True
Is 2509253 composite?
False
Is 12003 prime?
False
Is 1553 prime?
True
Is 595261 prime?
True
Is 3862 prime?
False
Is 3719 a prime number?
True
Is 26141 prime?
True
Is 680707 prime?
True
Is 100379 composite?
False
Is 1906 a composite number?
True
Is 2459 composite?
False
Is 23185 composite?
True
Is 4421 a prime number?
True
Is 125637 composite?
True
Is 237301 prime?
True
Is 109807 prime?
True
Is 186469 composite?
False
Is 196723 composite?
True
Is 26 a composite number?
True
Is 1281317 a prime number?
True
Is 155609 composite?
False
Is 44987 a composite number?
False
Is 5002941 a prime number?
False
Is 807995 a prime number?
False
Is 786307 prime?
True
Is 6773 a prime number?
False
Is 1477 prime?
False
Is 39019 a composite number?
False
Is 142297 composite?
False
Is 1439 a composite number?
False
Is 19949 a composite number?
False
Is 1915 composite?
True
Is 30223 prime?
True
Is 11633 prime?
True
Is 65857 a composite number?
True
Is 56099 a prime number?
True
Is 110963 composite?
True
Is 95303 a prime number?
False
Is 136133 a composite number?
False
Is 81737 a composite number?
False
Is 491951 a composite number?
False
Is 151733 composite?
False
Is 4969 composite?
False
Is 37033 a composite number?
True
Is 331 a prime number?
True
Is 2487 composite?
True
Is 10847 a prime number?
True
Is 551921 a composite number?
True
Is 212594 a composite number?
True
Is 18593 prime?
True
Is 220463 a prime number?
False
Is 73847 a prime number?
True
Is 1889647 a composite number?
False
Is 627157 a composite number?
True
Is 739171 prime?
True
Is 1205 a composite number?
True
Is 10099 a prime number?
True
Is 34123 prime?
True
Is 28841 prime?
False
Is 312551 composite?
False
Is 73673 a prime number?
True
Is 54121 a composite number?
False
Is 628261 a composite number?
False
Is 13045 prime?
False
Is 360271 a composite number?
False
Is 24593 a prime number?
True
Is 723391 a composite number?
False
Is 947431 a prime number?
True
Is 90887 a composite number?
False
Is 15493 a composite number?
False
Is 851 prime?
False
Is 2049 a prime number?
False
Is 129161 composite?
True
Is 567601 a composite number?
False
Is 274267 prime?
False
Is 549817 composite?
False
Is 211 prime?
True
Is 24667 a composite number?
True
Is 2001511 a prime number?
True
Is 161485 a composite number?
True
Is 314917 prime?
True
Is 9777 prime?
False
Is 123231 prime?
False
Is 191527 prime?
False
Is 39 prime?
False
Is 36149 a composite number?
True
Is 28343 a prime number?
False
Is 87311 a composite number?
True
Is 2723 composite?
True
Is 400559 a prime number?
True
Is 75811 a prime number?
False
Is 1843 a composite number?
True
Is 3269 a composite number?
True
Is 8741 prime?
True
Is 46337 composite?
False
Is 344683 a composite number?
False
Is 204899 prime?
False
Is 9839 a composite number?
False
Is 7571 a composite number?
True
Is 5591 composite?
False
Is 289727 a prime number?
True
Is 5723 composite?
True
Is 10477 composite?
False
Is 14737 a composite number?
False
Is 4853 a prime number?
False
Is 4535 composite?
True
Is 21849 a prime number?
False
Is 49363 prime?
True
Is 107279 a composite number?
False
Is 28843 prime?
True
Is 387089 composite?
False
Is 46553 composite?
True
Is 507061 a prime number?
False
Is 73869 a prime number?
False
Is 5539 prime?
False
Is 55985 a composite number?
True
Is 30551 a composite number?
True
Is 19841 composite?
False
Is 223867 composite?
True
Is 8923 prime?
True
Is 74407 prime?
False
Is 34939 composite?
False
Is 6121 a prime number?
True
Is 44393 prime?
False
Is 485467 a composite number?
True
Is 7493 a composite number?
True
Is 1163449 a prime number?
False
Is 3943 prime?
True
Is 93417 a composite number?
True
Is 41163 prime?
False
Is 121487 a prime number?
True
Is 121129 prime?
False
Is 315049 a composite number?
True
Is 113717 prime?
True
Is 6937 a prime number?
False
Is 518831 a composite number?
False
Is 2317 composite?
True
Is 872381 composite?
False
Is 29765 a prime number?
False
Is 649907 a composite number?
False
Is 9469 composite?
True
Is 68461 a composite number?
True
Is 636809 prime?
True
Is 3986957 prime?
False
Is 445183 prime?
True
Is 9277 a composite number?
False
Is 241219 a prime number?
False
Is 679 composite?
True
Is 6211 a composite number?
False
Is 3507299 composite?
False
Is 590511 a prime number?
False
Is 28393 a composite number?
False
Is 3899 prime?
False
Is 1315 a composite number?
True
Is 5227 a prime number?
True
Is 69313 a prime number?
True
Is 374378 a composite number?
True
Is 98711 composite?
False
Is 57839 a prime number?
True
Is 4799 a prime number?
True
Is 478169 a prime number?
True
Is 4673 prime?
True
Is 17287 a prime number?
False
Is 398 a prime number?
False
Is 886589 a composite number?
True
Is 9631 a prime number?
True
Is 589711 a composite number?
False
Is 10499 prime?
True
Is 3593 prime?
True
Is 14095 a composite number?
True
Is 5723 prime?
False
Is 6143 a composite number?
False
Is 128591 a prime number?
True
Is 13201 composite?
True
Is 11197 a composite number?
False
Is 39499 composite?
False
Is 12683 a composite number?
True
Is 206699 a prime number?
True
Is 118127 composite?
False
Is 53069 a prime number?
True
Is 9413 a prime number?
True
Is 727577 composite?
False
Is 1509037 prime?
False
Is 434501 a composite number?
False
Is 3046 a prime number?
False
Is 16753 composite?
True
Is 207703 a composite number?
True
Is 122953 composite?
False
Is 2885 a prime number?
False
Is 29951 composite?
True
Is 396985 composite?
True
Is 10913 a composite number?
True
Is 28477 a composite number?
False
Is 1867 composite?
False
Is 112471 prime?
False
Is 17863 prime?
True
Is 685294 composite?
True
Is 5273 a prime number?
True
Is 64873 a composite number?
True
Is 405473 a composite number?
False
Is 210659 a prime number?
True
Is 3603095 prime?
False
Is 2258947 a composite number?
False
Is 170615 prime?
False
Is 20337 a composite number?
True
Is 13291 a composite number?
False
Is 3247 a prime number?
False
Is 4479793 a prime number?
True
Is 20827 a prime number?
False
Is 162933 prime?
False
Is 5591 a composite number?
False
Is 102343 a composite number?
True
Is 6385 a composite number?
True
Is 112121 composite?
False
Is 457 a prime number?
True
Is 1598689 prime?
True
Is 683367 composite?
True
Is 683